/(-60)) is divided by 109.
97
Let x(h) = -68*h - 11421. Calculate the remainder when x(-175) is divided by 148.
35
Let u(x) = x**2 - 11*x - 879. Calculate the remainder when 1057 is divided by u(-30).
4
Suppose -4*a = 12, 0 = 5*q - 5*a + 457 - 6607. Suppose 0 = -15*k - 402 + q. What is the remainder when k is divided by 7?
6
Let l(k) = k - 163. Let h be l(6). Let p = h + 180. Suppose 2*j + 65 - 243 = 0. Calculate the remainder when j is divided by p.
20
Let i(j) = 1717*j + 1757. What is the remainder when 2115 is divided by i(-1)?
35
Suppose -5*a - 2*o = o - 358, 3*o + 86 = a. Let d = a - 43. Calculate the remainder when d is divided by (81/108)/((-12)/(-64)).
3
Let p(x) = -7*x**2 + 15*x - 25. Let u(m) = -13*m**2 + 31*m - 50. Let y(i) = -11*p(i) + 6*u(i). What is the remainder when y(12) is divided by 21?
20
Let h = -6787 - -6810. Calculate the remainder when 1099 is divided by h.
18
Suppose -3*k + o = -37, 96*o = 3*k + 94*o - 29. What is the remainder when 94 is divided by k?
4
Let b = 97 + -91. Suppose -b = 2*h - 3*h. Calculate the remainder when 54 is divided by (h - 1)*42/15.
12
Suppose 0 = 3*z - 6, 7*p + z = 4*p - 31. What is the remainder when 20 is divided by ((-22)/6 - -3)*(p + -7)?
8
Suppose -3*q - 32 = -q. Let j(u) = u**3 + 15*u**2 - 21*u - 20. Let r be j(q). Let o = r - 36. Calculate the remainder when 44 is divided by o.
20
Calculate the remainder when 2922 is divided by (-2)/(-3) - (-80)/(-12) - (-174 + -41).
205
Let t = 267 - 212. Let f be ((-5)/(-2))/((-14)/(-28)). Suppose 0 = -s + f + 9. What is the remainder when t is divided by s?
13
Let t be (245/28)/((-14)/16 + 1). Suppose -2*f = -14 - t. Calculate the remainder when f is divided by 28.
14
Let k = 39 - 26. Let h be 171/k - (5 + 189/(-39)). Suppose 71 = 6*p - h. Calculate the remainder when 26 is divided by p.
12
Let u = -4544 + 4546. What is the remainder when 223 is divided by u?
1
Suppose -8*q + 12*q - 3*j = 11, -2*j - 2 = 0. Suppose 5*p - 5*h = 240, 19 = p - q*h - 27. What is the remainder when 249 is divided by p?
49
Let v(h) = 8*h**3 + 4*h**2 + 3*h + 11. Let z be v(4). Let t = z - -126. What is the remainder when t is divided by 104?
101
Let a be (-2)/8 + 693/132. Suppose 6 - 25 = -2*f + y, a*y + 35 = 5*f. Calculate the remainder when 34 is divided by f.
10
Let d(p) = -22*p**3 - 10*p**2 - 17*p - 8. Calculate the remainder when 2/(-9) + 4090/18 is divided by d(-1).
17
Let v(u) = -u**2 + 5*u + 13. Let q be v(13). Let l = q + 148. Calculate the remainder when l is divided by 17.
6
Calculate the remainder when 1902 is divided by 40 + ((-30)/(-12))/(25/(-60)).
32
Suppose -2*x = -9*f - 387, 0*x - 4*x + 4*f + 844 = 0. Calculate the remainder when 21813 is divided by x.
213
Let x = -3825 - -3877. Calculate the remainder when 192 is divided by x.
36
Suppose -4*w + 3614 = 25*j - 30*j, 4*w - 3594 = -5*j. Let i = 937 - w. Suppose 13 = 2*k - k. Calculate the remainder when i is divided by k.
10
Suppose j + 5*p - 136 = 332, p = -4*j + 1872. What is the remainder when j is divided by 93?
3
Suppose 5*n = -4*r + 3455, 2*n - 15*r - 1384 = -17*r. Calculate the remainder when n is divided by 214.
45
What is the remainder when (((-9)/2)/(-9))/((-55)/(-50930)) is divided by 58?
57
What is the remainder when 3/(-1)*(-1)/(-2)*4016/(-3) is divided by 32?
24
Calculate the remainder when 232 is divided by 26 - ((-42)/6 + 6).
16
Let h = -9164 + 9168. What is the remainder when 11386 is divided by h?
2
Let d = 663 - 386. Let f = d + -77. Suppose -24 = -8*o + f. What is the remainder when o is divided by 16?
12
Let v = 29 - 27. Suppose -v*b - 23 = 19. Let z = b + 31. What is the remainder when z is divided by 3?
1
Let l be (-3)/6*42/((-3)/3). Suppose 0 = h - q - l, 7*h - 3*h - 3*q - 79 = 0. What is the remainder when 30 is divided by h?
14
Suppose p - 275 = -4*p. Suppose 3*g - 178 + p = 0. Suppose 4*t - 58 = -5*d, 1243*d - 2*t + 22 = 1245*d. What is the remainder when g is divided by d?
13
Let q(i) = -2*i**2 - 10*i. Let l be q(-5). Suppose -10*r - 42 + 12 = l. What is the remainder when 64 is divided by ((-5)/2 - r) + (-65)/(-2)?
31
Suppose 2*j = z + 1644, -3*j - 4*z = -1663 - 803. What is the remainder when j is divided by 181?
98
Suppose 1836 = 72*n - 3060. Calculate the remainder when 68 is divided by n.
0
Suppose -6*v + 2*v = 356. Suppose 4*x + 5*x = 1206. Let h = x + v. Calculate the remainder when h is divided by 10.
5
Let x = 1734 - 1719. What is the remainder when 28 is divided by x?
13
Suppose -2*t = p, -84 = -3*t + 4*p - 62. Let y = -35 + 92. Suppose -t*j + 11 = -y. Calculate the remainder when j is divided by 19.
15
Let w(u) = -2*u**2 - 5*u - 10. Let p(l) = -l**2 - 5*l - 11. Let h(t) = -3*p(t) + 2*w(t). What is the remainder when 52 is divided by h(6)?
3
Let h(f) = 21*f + 3. Let p(m) = 39*m - 139. Calculate the remainder when p(8) is divided by h(2).
38
Let r(d) be the first derivative of -d**4/4 - d**3 + 7*d - 46. Suppose -181 = -6*f + 59. Calculate the remainder when f is divided by r(-3).
5
Let u = 7386 + -7279. Calculate the remainder when 962 is divided by u.
106
Suppose 4931 = 2*m + 3*k, -m + 3*k + 2106 + 373 = 0. Calculate the remainder when 7413 is divided by m.
3
Suppose 5*a - 5*r = 3*a + 83, 5*r - 19 = -a. Calculate the remainder when a is divided by (7/(-21))/(283/(-2547)).
1
Let i = -23471 + 27309. Calculate the remainder when i is divided by 295.
3
Let i = -4 - -14. Let f(l) = -l**2 - 30*l - 21. What is the remainder when 24/i*(-135)/(-6) is divided by f(-29)?
6
Suppose 0 = 37*f - 5091 - 2087. Suppose -f = 6*k - 614. Calculate the remainder when k is divided by 22.
4
Let d = 110 - 104. Suppose 5*l - 3*i - 227 = 0, 0 = -2*l - 3*l - i + 231. Let c = -30 + l. Calculate the remainder when c is divided by d.
4
Let w = 97 - 102. Calculate the remainder when 60 is divided by ((w + 9)*11)/2.
16
Suppose -9897 - 38463 = -65*l - 90*l. What is the remainder when l is divided by 6/(1 - 57/63)?
60
Let d(t) = -3*t - 28. Let h(s) = 29 + 15*s + 10*s + 7*s - 28*s. Let z(w) = 7*d(w) + 6*h(w). What is the remainder when 143 is divided by z(17)?
27
Let f(y) = 25*y**2 + 136*y - 544. Calculate the remainder when f(4) is divided by 38.
20
Let y(d) = d**2 - 391*d - 3564. What is the remainder when 812 is divided by y(-9)?
20
Calculate the remainder when (-201)/1005 - 24772/(-10) is divided by 55.
2
Suppose -5*d - 835 = -4*g - 5377, 3*d - 8*g - 2742 = 0. Calculate the remainder when 5440 is divided by d.
4
Suppose -71*s + 157*s = 69574. What is the remainder when s is divided by 117?
107
Let d = -1324 + 1547. What is the remainder when d is divided by 83?
57
Suppose -15*x - 71022 = -71487. Calculate the remainder when 3253 is divided by x.
29
Suppose 0 = -2*v - 5*k + 2*k + 70, 3*v = 5*k + 124. Suppose 110*c = 118*c - 3336. Calculate the remainder when c is divided by v.
37
Let x = -38 - -40. What is the remainder when (6 + -9)*41/(-3) is divided by (-11)/4*-2 + 3/x?
6
Suppose 0 = -53*f + 57*f + 44*f - 29520. Calculate the remainder when f is divided by 38.
7
Suppose -3*v - 10 + 64 = 0. Suppose 3*f + 1 = -2*i + v, -2*f + i = -9. Suppose 0 = -5*x + 6*x - 4. Calculate the remainder when f is divided by x.
1
What is the remainder when 45 is divided by (176/(-66))/(2/120*-4)?
5
Let t = -12 - -10. Let b(w) = -13*w + 1. Suppose -5*u = p - 141, u + 24 = 5*p - 785. Calculate the remainder when p is divided by b(t).
26
Let b be (-30)/(-195) - 335/65. Let a(m) = -m**2 - 2*m + 17. Let f(k) = -k + 5. What is the remainder when f(-5) is divided by a(b)?
0
Let x(r) be the second derivative of -r**4/12 + 20*r**3/3 + 43*r**2/2 + 8*r. Calculate the remainder when 74 is divided by x(41).
0
Suppose 3*i + 4*s + 2 - 18 = 0, 2*i - 24 = 4*s. Let k = 732 + -719. Calculate the remainder when k is divided by (-2)/(-1) + -5 + i.
3
What is the remainder when (1/((-3)/(-366)) + -10)/1 - -6 is divided by (3/(-4))/((-2)/64)?
22
Let h = -145 + 550. Suppose l + 127 - h = 0. Calculate the remainder when l is divided by 28.
26
Suppose 4*q + 4*h - 72 = 164, 127 = 3*q - 7*h. What is the remainder when 1999 is divided by q?
1
Suppose 0 = 2*l - 108 + 38. Suppose 0 = -4*u + u - 2*m + 1517, 2*m = 4*u - 2018. Calculate the remainder when (-4)/(3515/u - 7) is divided by l.
31
Let r(j) = -1255*j + 22620. What is the remainder when 1/(-2) +